*4/12 - r**3 - 5*r**2/2 + 5*r. Determine j(q).
-5
Let g(y) be the second derivative of y**5/20 - 5*y**4/6 - y**3/3 + 11*y**2 + 592*y. Give g(10).
2
Let g = 29 + -22. Suppose -g*n - 15 - 6 = 0. Let j(f) = -2*f**2 + 0*f + 5*f - 2 + 5 + f**3 - 2*f**3. Determine j(n).
-3
Let c(p) = -3 + 2*p - 7 + 0. Calculate c(11).
12
Let a(m) = -6*m**3 - 12*m**2 - 3*m - 4. Let o(s) = -5*s**3 - 10*s**2 - 3*s - 3. Let z(g) = 3*a(g) - 4*o(g). What is z(-3)?
-27
Let u(s) = -s**3 - 4*s**2 + 16*s. Let c(x) = x**3 + 5*x**2 - 18*x - 1. Let v(w) = 8*c(w) + 9*u(w). Calculate v(4).
-8
Let i(o) = -6*o. Let d(s) = -s**2 + s + 10. Let p be d(4). Calculate i(p).
12
Let l(u) = -u**2 + 26*u - 22. Let w be l(25). Let y(x) = -x**2 + 3*x + 3. What is y(w)?
3
Let d(s) = 17*s + 33. Let k(z) = -62*z - 132. Let r(i) = 11*d(i) + 3*k(i). Determine r(10).
-23
Let a(z) = -z - 1. Let k = -24 + 26. Suppose -2 = k*u, -5*u - 463 = o - 2*u. Let h be (-2)/(-7) - o/(-140). Calculate a(h).
2
Let p(w) be the first derivative of w**4/24 + w**3/2 + 17*w**2 + 1. Let r(j) be the second derivative of p(j). Calculate r(-3).
0
Let m = 1 - 1. Suppose 3*g + 5*z + 18 = -5, -2*g + 4*z - 8 = m. Let p(n) = 5*n**2 + 4 - 5 + 5 + n**3 + 1 - 6*n. Calculate p(g).
5
Let q(k) = -4*k**2 + 20*k + 11. Let a(n) = -n**2 + 7*n + 4. Let f(p) = 7*a(p) - 2*q(p). Suppose -h - 2*h - 12 = 0. What is f(h)?
-14
Suppose 4*h - 8*a + 3*a = 10, -4*h - 2*a - 4 = 0. Let m(o) = 5 + 36*o + h - 34*o. Let u(x) = -1. Let g(k) = m(k) + 4*u(k). What is g(3)?
7
Let b(x) be the first derivative of x**2/2 - 2*x + 1. Let p(w) = -w**2 - 13*w + 7. Suppose o - 3*h + 4 = 0, -h + 43 = -4*o + 2*h. Let j be p(o). Calculate b(j).
5
Suppose -l + 2*c = -2, 0 = -5*l - 2*c - 0*c + 22. Suppose l*u = 9 - 1. Let m(a) = 6 + 5*a + 2*a**2 - a**2 + a**u - 3*a**2. What is m(6)?
0
Let u(q) be the first derivative of 2*q**3/3 - 6*q**2 - 6*q - 3. Let b be u(7). Let n(r) = r**3 - 9*r**2 + 9*r - 11. Calculate n(b).
-3
Let i = -79 + 136. Let r(k) = -57 + i - k. Calculate r(6).
-6
Let c(f) = 4*f**2 + 24*f + 2. Let i(k) = 15*k**2 + 108*k + 9. Let t(y) = -9*c(y) + 2*i(y). Calculate t(-1).
-6
Let s = -14 - -17. Let d(b) = 2 + 0*b**s + b**3 - 5 + 4*b**2 + 4*b - b. Suppose 13 = -3*v + 4*o, 5*v = -0*v + 3*o - 18. What is d(v)?
-3
Let v(y) = -y**3 + 6*y**2 - 2*y + 13. Let a(q) = -2*q**3 + 13*q**2 - 4*q + 26. Let j(m) = m - 1. Let k be j(6). Let p(i) = k*v(i) - 3*a(i). Give p(9).
5
Let u = -727 + 730. Let r(a) = 2*a - 8. Let q(w) = w - 9. Let j(g) = -5*q(g) + 6*r(g). Calculate j(u).
18
Let y(a) = a - 13. Let n be y(17). Suppose 3*t = -4*i + 24, -i + 2 = -n*t + 15. Let f be 15*(3 - 10/i). Let m(k) = -k + 1. Give m(f).
6
Let f(j) = -2*j + 14. Let o be f(5). Let r(p) = 0*p**2 + 9*p**2 - p**3 - 9*p + 3*p**2 + 2 - o*p**2. Calculate r(6).
20
Let t(o) = -o**2 - 7*o + 3. Let r(g) = -g**2 + 44*g - 90. Let m be r(42). Calculate t(m).
9
Let r(i) = 2*i**2 + 4 + 0*i + 28*i**3 - 2*i - 29*i**3. Let f(k) = k**2 - 13. Let c be f(-4). Give r(c).
-11
Let x(i) = i**2 + 7*i - 1. Let m be x(-6). Let t = m + 30. Suppose t - 3 = 4*u. Let q(s) = -s**3 + 6*s**2 - 4*s - 5. Determine q(u).
0
Let l(r) = -r**3 + 13 + r - r**2 + 4*r - 2*r**2 - 10. Suppose -9 + 0 = -3*d. Let g be (21/(-9) + 1)*d. Calculate l(g).
-1
Let p = 35 + -33. Let j(v) = 3 + 3*v - 8 - 5*v + 10*v - v**p. Give j(7).
2
Let y(z) be the first derivative of 17*z**3/3 + 3*z**2/2 - 2*z - 2. Let g be y(1). Suppose -20 = 4*c + 4*b, 3*c + 5*b = -g - 5. Let n(l) = l - 1. Give n(c).
-2
Let h = 7 + -8. Let y(k) = k + 3. Let u be y(0). Let p(a) = -5*a**u - a**2 + a**3 + 3*a**3 + 0*a - a. Determine p(h).
1
Let b be ((-24)/21)/(14/49). Let a(q) = -6*q - 28. Determine a(b).
-4
Let v(d) = -d. Let j(b) = b**2 + 9*b - 3. Let h be j(-9). Let s be h - (-1 + 3 + -3). Calculate v(s).
2
Let s(a) be the third derivative of -a**4/24 - 5*a**3/6 + 36*a**2 - 3*a. Give s(5).
-10
Let p(c) be the third derivative of c**5/60 + c**4/3 + c**3 - 21*c**2. What is p(-6)?
-6
Suppose 2*k + 0 = 20. Suppose -d + k = d. Let c(b) be the first derivative of b**3/3 - 3*b**2 - 7. Calculate c(d).
-5
Let x(r) = -r - 1. Let q(y) = y**2 + 7*y + 1. Suppose a = 6*a - 2*f + 7, -3*a - 25 = 4*f. Let c(d) = a*x(d) - q(d). Calculate c(-5).
-3
Let p(q) = 127*q**3 - 257*q**3 + 131*q**3 + 10*q + 4 + 9*q**2. Determine p(-8).
-12
Suppose -3*i - 3*b + 18 = 0, 4*i = -2*b + b + 36. Suppose 9*m + i*m = -114. Let s(c) = -4*c**3 + 4*c - 3*c + 3*c**3 - 6*c**2 + 3. Determine s(m).
-3
Let r(o) be the first derivative of o**2/2 - 2*o + 1. Suppose -n + 5*s = 16, 3*n - 12 = 2*s + 5. Let p(x) = 2*x - 21. Let t be p(n). Determine r(t).
-5
Let t be (-1105)/153 - ((-4)/(-9))/(-2). Let w(i) = -i**2 - 7*i - 5. What is w(t)?
-5
Let o(f) be the first derivative of -19*f**4/24 - f**3/6 - 7*f**2/2 + 39. Let p(c) be the second derivative of o(c). Calculate p(-1).
18
Let y(j) = 73 + 39*j**2 - 40*j**2 - 22 - 25 - 24. Let v be (-1)/(-2)*2*2. Determine y(v).
-2
Suppose 0 = -2*h - p - 0 + 11, -1 = -2*h + p. Suppose -2*r + 4 = -3*r, 0 = -h*d + 2*r - 4. Let l(y) = -y**3 - 2*y**2 + 6*y + 2. Give l(d).
10
Let x(n) be the first derivative of -n**2/2 + 3*n - 2. Suppose -5*b = -5*p + 45, p = b - 3*p + 6. What is x(b)?
13
Suppose 0 = -2*y - 30 + 88. Let k = 30 - y. Let p(o) = 12*o**2 - 2*o + 1. Give p(k).
11
Let b(h) = 3*h + 0*h - 2*h. Let v be 0/(-7 + 7 + 2). Give b(v).
0
Let p(c) be the first derivative of -c**5/60 - c**4/4 + c**3/3 + 22*c**2 + c + 5. Let u(x) be the second derivative of p(x). Calculate u(-7).
-5
Suppose 2*u - 3*g = -2*u + 8, 10 = -2*u + 5*g. Let q(b) = -4*b + b + b + 4. What is q(u)?
-6
Let m(k) = 2*k - 4. Suppose 0 = -v - 3*v + 16. Determine m(v).
4
Let s(b) = -2*b**2 + 22*b - 2. Let r be s(11). Let v(j) = 4*j + 1. Calculate v(r).
-7
Let j = 513 + -491. Let a(v) = -v**2 + 22*v. What is a(j)?
0
Let x(f) = 3*f**2 - 6*f - 4. Let g be x(3). Let h(w) = -9 - 5 + w + 14 - g. Calculate h(4).
-1
Let k(s) = s**3 - 9*s**2 + 9*s + 3. Suppose 20*w + 555 = 715. Calculate k(w).
11
Let m(y) = -2*y + 12. Let s be m(11). Let c(f) = f + 13. Let v be c(s). Let p(i) = i**3 + 6 + 0 + 0*i**v. What is p(0)?
6
Let y(w) = -w**2 + w - 1. Let u(d) = -3*d**2 + d - 4. Let x(b) = -2*b**2 + b - 5. Let c(h) = -3*u(h) + 2*x(h). Let p(g) = -c(g) - 4*y(g). What is p(-4)?
-2
Let c(h) = 17*h + 1. Let g(f) = -47*f - 2. Let p(i) = 8*c(i) + 3*g(i). Determine p(0).
2
Let t(c) = -c - 3. Suppose 19*k - 10*k - 495 = 0. Let n = k - 61. Determine t(n).
3
Let x be 30/45 + 61/3. Let m be (x/6)/(2/4). Let a(j) = 5*j**2 - m*j**2 - 1 + 0. Determine a(-1).
-3
Let i(b) = -5*b**3 + 2*b - 10. Let a(l) = 9*l**3 - l**2 - 5*l + 20. Let n(y) = -4*a(y) - 7*i(y). Give n(5).
-5
Let w(x) = -x**3 + 9*x**2 + x - 1. Let s = -30 + 39. What is w(s)?
8
Let l(g) = -g**2 + 18. Let i be l(0). Let p be (-18)/81 - (-4)/i. Let a(t) = -6*t + t**2 + p*t**2 - 1 + 3. Calculate a(6).
2
Let q(b) be the second derivative of b**5/20 - 2*b**4/3 + 3*b**3/2 - 3*b**2/2 + b - 1. Determine q(6).
-21
Let v(f) = 13*f - 37*f**2 - 2 - 21*f + 11*f + f**3 + 35*f**2. Determine v(2).
4
Let i(l) be the second derivative of -l**4/12 - l**3/6 + 7*l**2/2 + 127*l. Give i(0).
7
Suppose -25*a + 76*a = 51. Let x(b) be the third derivative of b**5/30 + b**3/6 + b**2. Determine x(a).
3
Let k(g) = g**2 + 15*g - 7. Let f(z) = -13*z**2 - 5*z + 3. Let d be f(1). What is k(d)?
-7
Let c(m) = 4*m - 17. Let v be c(5). Suppose 4*u + 0*r - v*r = 0, 3*u = 4*r + 7. Let f(o) = o**2 + 5*o + 4. Calculate f(u).
-2
Suppose a - 8*i + 5*i = 14, -4*i = 3*a - 3. Let t = 0 - 0. Suppose t = -9*f + a*f + 28. Let x(w) = w - 2. Calculate x(f).
5
Let y(j) = 3 - 17*j - 19*j - j**2 + 34*j. What is y(2)?
-5
Let x(q) = 10*q - 2 - 6*q + 25*q**2 - 26*q**2 + 0*q. Suppose -8 = -2*p - 2. What is x(p)?
1
Suppose 0 = -s + 3*g + 2*g, 5*s + 28 = -3*g. Let o(m) be the third derivative of -m**6/120 - m**5/10 - m**4/4 - m**3/3 - 80*m**2. What is o(s)?
3
Let v(s) = 0*s - 7*s - s - s**2 - 9. Let p be (8 - 0) + (122 - 137). Give v(p).
-2
Let q(b) = -b**2 + 4*b + 3. Let y(x) = -4*x - 44. Let n be y(-12). Suppose -41 = -5*r + 4*u, -2*u = n*r - 4 - 8. What is q(r)?
-2
Suppose 0 = 2*y + 12 - 14. Let l be (1 + -5)/(2/y). Let f(a) = -2*a**2 + 2. Determine f(l).
-6
Let k = -61/3480 + 3/116. Let i(s) be the third derivative of 0*s - 2*s**2 + 7/60*s**5 + k*s**6 + 1/6*s**4 - 